ors of 135637057?
135637057
List the prime factors of 35242718.
2, 7, 349, 7213
List the prime factors of 353031834.
2, 3, 53, 269, 4127
List the prime factors of 1256188388.
2, 7, 13, 359, 9613
What are the prime factors of 6225144402?
2, 3, 37, 593, 47287
List the prime factors of 744356037.
3, 248118679
What are the prime factors of 1336755146?
2, 19, 1361, 25847
List the prime factors of 13250993.
7, 1892999
What are the prime factors of 131692758?
2, 3, 21948793
What are the prime factors of 219643545?
3, 5, 11, 89, 14957
What are the prime factors of 170520064?
2, 11, 13, 17, 137
List the prime factors of 216502627.
11, 499, 39443
List the prime factors of 863291398.
2, 61, 149, 47491
What are the prime factors of 6711085584?
2, 3, 7, 89, 239, 313
List the prime factors of 578815104.
2, 3, 7, 349, 617
What are the prime factors of 890817662?
2, 7, 67, 949699
List the prime factors of 58342088.
2, 7, 1041823
List the prime factors of 524132777.
7, 613, 122147
What are the prime factors of 2925814582?
2, 29, 50445079
What are the prime factors of 63868990?
2, 5, 31, 179, 1151
What are the prime factors of 128324398?
2, 17, 1129, 3343
What are the prime factors of 2147601483?
3, 17, 19, 43457
What are the prime factors of 34556157?
3, 3839573
List the prime factors of 553654657.
17, 32567921
What are the prime factors of 937263553?
5147, 182099
List the prime factors of 1809774.
2, 3, 29, 3467
What are the prime factors of 122399727?
3, 40799909
What are the prime factors of 2248342487?
31, 72527177
What are the prime factors of 63835988?
2, 2339, 6823
List the prime factors of 251565875.
5, 11, 182957
List the prime factors of 227695983.
3, 167, 454483
List the prime factors of 43618724.
2, 10904681
What are the prime factors of 191944943?
17, 11290879
What are the prime factors of 1163992251?
3, 387997417
What are the prime factors of 105170836?
2, 26292709
What are the prime factors of 1681777434?
2, 3, 23, 127, 95959
What are the prime factors of 869274?
2, 3, 7, 6899
List the prime factors of 488907356.
2, 7, 17460977
What are the prime factors of 1708934442?
2, 3, 19, 14990653
What are the prime factors of 210960803?
17, 12409459
What are the prime factors of 222165111?
3, 7, 61, 173431
List the prime factors of 4934409304.
2, 11, 47, 59, 73, 277
What are the prime factors of 549598378?
2, 7, 179, 219313
What are the prime factors of 30227148?
2, 3, 7, 39983
List the prime factors of 1361073419.
59, 61, 317, 1193
What are the prime factors of 927514878?
2, 3, 3253, 47521
What are the prime factors of 333113167?
333113167
List the prime factors of 46245451.
7, 6606493
What are the prime factors of 5892826852?
2, 11, 133927883
What are the prime factors of 4477051097?
37, 769, 157349
What are the prime factors of 342962038?
2, 171481019
List the prime factors of 2177157.
3, 23, 139, 227
List the prime factors of 36535301.
11, 67, 89, 557
List the prime factors of 1880010944.
2, 7, 157, 26729
List the prime factors of 305031552.
2, 3, 7, 37, 3067
List the prime factors of 11803620.
2, 3, 5, 196727
What are the prime factors of 1533255?
3, 5, 102217
What are the prime factors of 14400188?
2, 11, 327277
What are the prime factors of 177814047?
3, 31, 67, 28537
List the prime factors of 34173304.
2, 11, 43, 821
What are the prime factors of 317915257?
11, 28901387
What are the prime factors of 7185838326?
2, 3, 2297, 521393
What are the prime factors of 737480604?
2, 3, 7, 17, 1787
List the prime factors of 301959669.
3, 11, 509, 17977
What are the prime factors of 47838100?
2, 5, 229, 2089
What are the prime factors of 27414758?
2, 7, 19, 23, 4481
What are the prime factors of 45057278?
2, 7, 41, 78497
List the prime factors of 51768076.
2, 41, 7699
What are the prime factors of 6794402732?
2, 13, 67, 1950173
What are the prime factors of 51525219?
3, 17175073
List the prime factors of 3764484227.
7, 537783461
List the prime factors of 702928706.
2, 821, 428093
List the prime factors of 373646473.
373646473
What are the prime factors of 30445529?
433, 70313
List the prime factors of 227288774.
2, 3529, 32203
What are the prime factors of 1936080717?
3, 17, 37962367
What are the prime factors of 1502343640?
2, 5, 7, 5365513
What are the prime factors of 263487693?
3, 7, 31, 37, 10939
List the prime factors of 1361241270.
2, 3, 5, 181, 83563
What are the prime factors of 413260585?
5, 29, 37, 77029
What are the prime factors of 485914706?
2, 17, 43, 53, 6271
List the prime factors of 272850267.
3, 1163, 78203
What are the prime factors of 20683364?
2, 13, 397757
What are the prime factors of 23813041?
7, 271, 12553
List the prime factors of 88519737.
3, 79, 373501
List the prime factors of 485916681.
3, 6053, 26759
List the prime factors of 147088549.
139, 887, 1193
List the prime factors of 5746.
2, 13, 17
What are the prime factors of 28016158?
2, 197, 211, 337
What are the prime factors of 79355128?
2, 9919391
List the prime factors of 190694189.
7, 37, 163, 4517
What are the prime factors of 1151276414?
2, 17, 33861071
List the prime factors of 14315860.
2, 5, 13, 55061
List the prime factors of 32912202.
2, 3, 211, 25997
List the prime factors of 105180284.
2, 11, 79, 30259
What are the prime factors of 20582435?
5, 1451, 2837
List the prime factors of 764135722.
2, 7, 199, 274277
List the prime factors of 41918510.
2, 5, 31, 135221
List the prime factors of 119976101.
7, 47, 364669
What are the prime factors of 8482957?
7, 449, 2699
What are the prime factors of 1549196669?
1549196669
List the prime factors of 620523180.
2, 3, 5, 67, 5717
What are the prime factors of 31102558?
2, 29, 59, 61, 149
List the prime factors of 69336925.
5, 7, 31, 12781
List the prime factors of 591493339.
181, 557, 5867
What are the prime factors of 33153737?
461, 71917
List the prime factors of 388668885.
3, 5, 11, 353, 6673
List the prime factors of 22945642.
2, 31, 370091
List the prime factors of 604655498.
2, 83, 89, 40927
What are the prime factors of 3905106815?
5, 389, 2007767
What are the prime factors of 17688059?
1033, 17123
List the prime factors of 1697427527.
4789, 354443
What are the prime factors of 133654369?
133654369
List the prime factors of 1737414806.
2, 1601, 542603
What are the prime factors of 2028700757?
3079, 658883
List the prime factors of 501951553.
181, 2773213
What are the prime factors of 490249240?
2, 5, 13, 942787
What are the prime factors of 765638757?
3, 13, 1181, 1847
List the prime factors of 21151994.
2, 61, 281, 617
List the prime factors of 370075572.
2, 3, 67, 71, 2161
What are the prime factors of 563967303?
3, 8389, 22409
List the prime factors of 2302443879.
3, 767481293
What are the prime factors of 47518418?
2, 23759209
List the prime factors of 1069329766.
2, 19, 2647, 10631
What are the prime factors of 29836601?
31, 962471
List the prime factors of 1890868998.
2, 3, 109, 2891237
List the prime factors of 617511013.
7, 88215859
List the prime factors of 57685311.
3, 19, 23, 4889
List the prime factors of 351184.
2, 47, 467
List the prime factors of 75173325.
3, 5, 383, 2617
What are the prime factors of 151595184?
2, 3, 13, 83, 2927
List the prime factors of 5364627234.
2, 3, 29, 30831191
What are the prime factors of 210097917?
3, 17, 1373189
List the prime factors of 427563541.
3061, 139681
What are the prime factors of 123150904?
2, 47, 327529
List the prime factors of 3715775096.
2, 11, 317, 133201
What are the prime factors of 4154584653?
3, 41, 1279, 8803
What are the prime factors of 270892602?
2, 3, 15049589
What are the prime factors of 3780614?
2, 29, 65183
List the prime factors of 136055968.
2, 4251749
List the prime factors of 203542589.
359, 566971
List the prime factors of 69967591.
103, 679297
What are the prime factors of 55532816?
2, 67, 51803
What are the prime factors of 41399202?
2, 3, 13, 103, 5153
List the prime factors of 98409506.
2, 13, 127, 29803
List the prime factors of 149451863.
11, 503, 27011
List the prime factors of 5371383.
3, 193, 9277
What are the prime factors of 34751459?
23, 1510933
What are the prime factors of 341171290?
2, 5, 499, 68371
What are the prime factors of 94521436?
2, 4451, 5309
What are the prime factors of 127882891?
17, 113, 66571
List the prime 